 n be (282/(-9))/((-2)/3). Suppose k + 0*k = -3*i + n, 4*k = -4*i + 60. Calculate the highest common divisor of i and p.
4
Let a(d) = 2*d**2 - 4*d - 6. Let u be a(6). Suppose 23 = -j - 28. Let x = j + 79. What is the greatest common factor of x and u?
14
Let c = 3 - 3. Suppose 4*j - 2 - 98 = c. Calculate the greatest common factor of j and 100.
25
Let v(k) = -k**3 - 5*k**2 + 5*k + 5. Let g be v(-6). Suppose -3*u + 7 = -g. Calculate the greatest common factor of u and 60.
6
Let z be (-896)/(-10) + (-2)/(-5). Let u be ((-2)/(-5))/(-4*(-2)/360). What is the highest common divisor of u and z?
18
Suppose -13*y = -11*y - 630. Suppose 3*q + 2*q - y = 0. Suppose -o = -0*o - 9. Calculate the highest common factor of o and q.
9
Let c(d) be the first derivative of -2*d**2 - 1. Let y be c(-2). Let w(u) = u**2 - 8*u + 8. Let v be w(7). What is the greatest common factor of v and y?
1
Let n = 22 + 38. Let o(a) = 13*a**3 - a**2. Suppose 5*l - 17 = -3*d, -2*d + d = -4. Let s be o(l). What is the greatest common factor of n and s?
12
Let d(z) = 2*z - 5. Let b be d(3). What is the greatest common divisor of b and 5?
1
Suppose -10 = -6*d + d, -5*f + 14 = -3*d. Suppose f*r - r = 3. What is the highest common factor of r and 2?
1
Let a be 0 - (537/(-3) + -1). What is the highest common factor of 20 and a?
20
Let w(l) = -l**2 - 8*l - 8. Let t be 12/(-14)*(7 - 0). Let m be w(t). What is the greatest common factor of m and 20?
4
Suppose 2*v = 6*v - 12. What is the greatest common factor of 27 and v?
3
Let k = 31 + -21. Calculate the highest common factor of 15 and k.
5
Let k(j) = -2*j**3 + 2*j**2 + 4*j - 1. Let v be k(-2). Calculate the greatest common factor of 6 and v.
3
Let b(i) = 13*i**2 - 2. Let a be b(-3). Suppose 3*c = -5*v + 215, 4*v + 91 = 3*c - a. What is the highest common divisor of c and 10?
10
Let d be (18/15)/(2/40). Calculate the greatest common divisor of d and 72.
24
Suppose -b - 4 - 4 = 0. Let v be (84/b)/(6/(-32)). Calculate the highest common divisor of 14 and v.
14
Let z = 11 - 7. Let g = 1 - z. Let r be ((-10)/6)/(g/54). Calculate the highest common divisor of 10 and r.
10
Suppose -5*a - 2*n + 2000 + 418 = 0, 4*n = -4. What is the highest common factor of a and 44?
44
Suppose 2*z - 6*z + 304 = 0. Calculate the greatest common factor of 4 and z.
4
Let u be (6/(-4))/((-4)/8). Suppose -5*v - 2*h + 7 = -53, 5*v - u*h = 85. Suppose 0*c = -c + 70. What is the greatest common divisor of c and v?
14
Let h be ((-4)/8)/(2/(-8)). Suppose m + 11 = 3*t, h*m + 2 = -4*t - 0*t. Let y be 15*(24/9)/t. Calculate the greatest common divisor of y and 10.
10
Let r = 500 - 320. Calculate the greatest common divisor of 20 and r.
20
Suppose 9*r - 4*r = 50. Let t = 11 - r. Suppose 4*d + 6 = 2*v, -3*v + 3*d + 7 - 1 = 0. What is the greatest common divisor of v and t?
1
Let w be (36/8)/((-6)/(-56)). Let s be (2 - 18/5)*(-385)/22. What is the greatest common factor of s and w?
14
Let q = -8 + 10. Suppose -11 = -v + 8. Let b = -9 + v. What is the greatest common factor of b and q?
2
Let q(p) = -120*p**3 + 2*p**2 + 2*p + 1. Let y be q(-1). What is the highest common factor of 11 and y?
11
Let u = -59 - -83. What is the highest common divisor of 72 and u?
24
Let h be (-17)/((2/4)/(35/(-10))). Calculate the highest common factor of 17 and h.
17
Suppose 1 + 5 = 3*m. Suppose 0*d + m = d. Calculate the highest common divisor of 10 and d.
2
Suppose -67 = -2*g + 77. What is the greatest common factor of 9 and g?
9
Suppose 0 = j - 2*j + 4. Let p(i) = 6*i - 6. Let f be p(j). What is the highest common factor of f and 36?
18
Suppose 1 = 2*r + 5*b, -r - 5*b = -2*b. Suppose q + 33 = 6*q + 4*j, -3*q = r*j - 21. Suppose -a + q*a = 160. Calculate the highest common factor of 5 and a.
5
Let l(k) = -5*k + 5. Let i = -1 - -3. Let r = -2 - i. Let m be l(r). What is the highest common divisor of m and 5?
5
Let x = 6 - -29. Let m = 1 + 4. What is the greatest common divisor of x and m?
5
Let y(q) = q**3 + q**2 - q + 23. Let z be y(0). Calculate the greatest common factor of z and 184.
23
Let y be (-1*8/20)/(2/(-60)). Suppose -5*b + 2*q = -972, 3*b - 5*q - 314 - 273 = 0. Let h be b/8 - 1/4. What is the highest common divisor of h and y?
12
Let h(i) = i - 2. Let w be h(6). Suppose -w*u = -24 - 20. Let f be (-993)/(-18) - (-5)/(-30). What is the highest common factor of f and u?
11
Suppose -2*g + x + 1 + 0 = 0, 0 = -3*g + 4*x + 9. Let l = g + 3. Suppose 2*s - 27 - 17 = 0. What is the highest common divisor of s and l?
2
Let y = 6 - 2. Let o(n) = 0*n**2 + n - 4*n**2 - 3*n**3 + 4*n**3 + 4. Let v be o(y). What is the highest common divisor of 16 and v?
8
Let n = 6 + 6. Suppose k - 12 = -2*s, -2*k - 5*s = -4*k - n. Suppose g - 154 = -2*g - k*l, -g + 3*l + 60 = 0. Calculate the highest common factor of 6 and g.
6
Let t(y) = 24*y**2 - 2*y - 2. Let a be t(-2). What is the highest common factor of 28 and a?
14
Let g be 1/4 + 61/(-4). Let m = 40 - g. Calculate the greatest common factor of m and 22.
11
Let w = -36 - -64. Suppose 5*r - 595 = -2*r. Suppose 0 = -6*t + r + 335. What is the greatest common divisor of w and t?
14
Let l be (-1 - -9)/(4/(-12)). Let b = -12 - l. What is the highest common divisor of 6 and b?
6
Let m be 2 + 0 + -3 - -1. Suppose m = -3*w + x + 80, 3*x = w + 11 - 27. Let z be ((-21)/6)/((-3)/6). What is the greatest common factor of z and w?
7
Let y be 4/((-3)/(36/(-2))). What is the greatest common divisor of 168 and y?
24
Suppose 3*f + 3*r = 8*r + 1127, 2*f + 2*r - 778 = 0. Calculate the greatest common divisor of 48 and f.
48
Suppose 3*n - 34 = 4*a, 4*n + 0*a = 3*a + 36. What is the highest common divisor of n and 2?
2
Let l be 3/1*-1*3. Let b = l - -9. Suppose 0 = -5*y + 4*a - b*a + 82, 0 = -2*y + 3*a + 37. What is the highest common divisor of y and 70?
14
Suppose 1 = -2*v + 37. What is the greatest common divisor of 198 and v?
18
Suppose -3*x = -2*n - 11, -2*x + 4*n + 14 = -4. Calculate the greatest common divisor of x and 3.
1
Let a be 1/(-3) + (-849)/(-9). Suppose 115 - 3 = -4*z. Let b = z + a. What is the greatest common factor of b and 22?
22
Let s = -287 + 812. Suppose 10*h - 5*h = s. Let o(x) = 2*x**3 + 9*x**2 - x + 1. Let b be o(-4). What is the greatest common factor of h and b?
21
Let y be 1/(2 + 3/(-2)). Suppose -y*x = -3*x + 3. Suppose 31 - x = 4*g. What is the greatest common factor of g and 14?
7
Suppose -3*h + 29 = 2*j - 4*h, -2*j - 2*h + 32 = 0. Calculate the highest common factor of j and 135.
15
Suppose 158 = 5*o + 2*f, 0*o - 4*f = 2*o - 76. Calculate the greatest common divisor of 75 and o.
15
Let w be (34/(-102))/((-1)/24). Let g(p) = -5*p - 2*p - 7*p - 6. Let u be g(-5). Calculate the highest common divisor of w and u.
8
Let w(b) = b**3 - 5*b**2 - 2*b - 1. Let j be w(6). Let i = 23 - 16. Suppose -i = -3*l + j. Calculate the highest common divisor of l and 5.
5
Suppose 0 = 2*f + 2*f - 16. Suppose 0 = f*o - 21 - 35. What is the greatest common factor of o and 70?
14
Let p = -5 + 28. Calculate the highest common divisor of 46 and p.
23
Let y(b) = b**3 - 5*b**2 - 3*b + 1. Let w = 19 - 13. Let m be y(w). Calculate the highest common divisor of 38 and m.
19
Suppose 3*b + 2*h - 12 = 0, 2*b - 1 = 4*h - 9. Let f be (b/(-4))/(2/(-52)). What is the highest common factor of f and 91?
13
Let y = 19 + -5. Let m be (-7)/(-2) - 3/(-6). Suppose -59 = -m*a - j, 3*a - 2*j - 51 = -15. Calculate the greatest common factor of a and y.
14
Let m = -11 - -16. Let x = 22 + m. Suppose -3*j + x = -0. What is the greatest common factor of 3 and j?
3
Let u = -4 + 8. Suppose 268 = 3*h - u*s - 165, -4*h = 5*s - 629. Suppose y + 210 = 4*v - 14, -3*v = -5*y - h. What is the greatest common divisor of v and 19?
19
Let z(f) = -f**2 + 8*f - 5. Let x = 6 - 4. Suppose x*y - 4 = y. Let k be z(y). What is the highest common divisor of k and 22?
11
Let v = 377 - 248. Suppose 0 = -4*c + v + 55. What is the greatest common divisor of c and 23?
23
Let g(q) = 3*q**2 + 3*q - 4. Let t be g(2). Calculate the greatest common factor of 70 and t.
14
Suppose -o + 19 = 3. Suppose l - 1 - 3 = 0. Calculate the greatest common factor of l and o.
4
Let z(x) = -x + 14. Let u be z(6). Suppose h + 0*l - 4*l = 113, 0 = 3*h + 3*l - 399. Suppose 4*r - 95 = h. What is the highest common divisor of u and r?
8
Suppose 0 